multiple of 671?
True
Is 2909 a factor of 204296161?
True
Does 47 divide 80737634?
True
Does 1237 divide 709680507?
True
Is 7 a factor of 473960189?
False
Is 529777567 a multiple of 18?
False
Is 1025675921 a multiple of 6?
False
Is 8565093 a multiple of 37?
True
Is 667 a factor of 1489292274?
True
Is 1572 a factor of 87264864?
True
Does 71 divide 2301128152?
False
Does 255 divide 2930664?
False
Is 227469302 a multiple of 152?
False
Is 10 a factor of 745880?
True
Is 8405 a factor of 114583161?
False
Is 3008444650 a multiple of 1537?
False
Is 64 a factor of 70707712?
True
Does 18 divide 40654906?
False
Does 202 divide 3834507016?
True
Is 40 a factor of 150232960?
True
Is 167972862 a multiple of 21?
False
Is 3876 a factor of 1078634844?
False
Is 1667569 a multiple of 38?
False
Is 228 a factor of 10427580?
True
Does 1539 divide 20527182?
True
Is 4501745 a multiple of 175?
False
Is 409948524 a multiple of 58?
True
Is 218109360 a multiple of 42?
True
Is 153 a factor of 363221541?
True
Is 522561453 a multiple of 17?
True
Is 3 a factor of 738265383?
True
Does 761 divide 47879115?
False
Is 150 a factor of 24902400?
True
Does 21 divide 49963305?
True
Is 40100450 a multiple of 130?
True
Is 19 a factor of 43913389?
True
Is 1144878898 a multiple of 7?
False
Does 1376 divide 2602756?
False
Is 5055 a factor of 2395564205?
False
Is 2925931 a multiple of 12?
False
Does 5035 divide 1629735980?
False
Is 23 a factor of 99912966?
True
Is 63476175 a multiple of 105?
True
Does 4428 divide 168764364?
True
Is 194 a factor of 588331190?
True
Is 37385880 a multiple of 14?
True
Is 26737608 a multiple of 339?
True
Does 127 divide 13271881?
True
Is 1740730623 a multiple of 5644?
False
Is 46 a factor of 23933026?
False
Does 1002 divide 957256599?
False
Does 892 divide 434282216?
False
Is 12485199 a multiple of 181?
True
Does 13 divide 52305591?
True
Is 9 a factor of 322442280?
True
Does 15 divide 96529712?
False
Does 34 divide 30724338?
True
Is 679386 a multiple of 3?
True
Does 13 divide 1878408190?
False
Does 66 divide 16930518?
True
Does 462 divide 3494523093?
False
Is 64 a factor of 454302607?
False
Does 23 divide 194660109?
True
Is 563039244 a multiple of 115?
False
Is 137761047 a multiple of 10?
False
Is 1796499 a multiple of 6?
False
Does 691 divide 94473520?
True
Is 10 a factor of 24600620?
True
Is 189404966 a multiple of 1788?
False
Is 32192311 a multiple of 73?
False
Does 1223 divide 391785763?
False
Is 15 a factor of 3226855550?
False
Does 43 divide 26318322?
True
Is 53050200 a multiple of 70?
True
Is 309 a factor of 354206694?
False
Is 1255 a factor of 246433055?
True
Is 93 a factor of 5954371859?
False
Is 3698072194 a multiple of 97?
False
Does 8 divide 151313312?
True
Does 372 divide 229122612?
True
Is 214683761 a multiple of 199?
False
Is 55272537 a multiple of 9?
True
Does 14 divide 1181674440?
False
Does 103 divide 118765867?
False
Does 1486 divide 37658212?
True
Is 16670705 a multiple of 102?
False
Is 173 a factor of 168732263?
True
Is 50716676 a multiple of 13?
False
Is 45 a factor of 1120619970?
True
Is 62286674 a multiple of 19?
True
Does 19 divide 8752123?
False
Is 395888616 a multiple of 3053?
True
Is 1556 a factor of 792382108?
True
Is 6 a factor of 30795192?
True
Does 8 divide 2129247?
False
Is 22411640 a multiple of 44?
False
Does 37 divide 255908835?
True
Is 10020 a factor of 5111075170?
False
Does 28 divide 13799940?
True
Is 50 a factor of 6060739?
False
Is 5 a factor of 140458452?
False
Does 416 divide 62479456?
True
Does 15 divide 12449224?
False
Is 60221545 a multiple of 2755?
True
Is 15840385 a multiple of 13514?
False
Is 218367491 a multiple of 746?
False
Is 1809460898 a multiple of 301?
True
Is 19 a factor of 3489350?
True
Does 283 divide 1038963035?
False
Is 44 a factor of 83288040?
True
Does 14 divide 4738534?
False
Is 59175732 a multiple of 21?
True
Is 169 a factor of 11229819?
False
Is 23 a factor of 3693908938?
False
Is 15 a factor of 250397955?
True
Is 10 a factor of 31463280?
True
Is 128 a factor of 643651584?
True
Is 251111959 a multiple of 22?
False
Does 181 divide 412282?
False
Is 22 a factor of 30363979?
False
Is 62 a factor of 138323984?
True
Is 432843900 a multiple of 20?
True
Does 1125 divide 110942494?
False
Does 4 divide 16060059?
False
Is 849930405 a multiple of 3?
True
Does 2423 divide 17733937?
True
Is 2337 a factor of 78868414?
False
Does 2054 divide 244465026?
True
Is 26 a factor of 6402630?
True
Is 9 a factor of 636421509?
True
Is 4 a factor of 122335680?
True
Is 111175776 a multiple of 2272?
True
Is 52 a factor of 26159979?
False
Is 857 a factor of 94068868?
False
Does 13 divide 18425075?
False
Does 76 divide 33307830?
False
Is 7193761 a multiple of 28?
False
Does 14 divide 39290006?
True
Is 636 a factor of 3916158?
False
Is 423 a factor of 81581049?
True
Is 2123 a factor of 72453265?
False
Is 58 a factor of 132886125?
False
Is 132597896 a multiple of 87?
False
Does 7073 divide 837106365?
False
Does 58 divide 17939632?
True
Does 3 divide 15907256?
False
Is 55441837 a multiple of 74?
False
Is 45 a factor of 1200085649?
False
Is 3381821 a multiple of 243?
False
Is 17 a factor of 2180365730?
False
Does 25 divide 178545840?
False
Does 1735 divide 81148538?
False
Does 986 divide 450997566?
False
Is 6 a factor of 117559626?
True
Is 15 a factor of 40465412?
False
Does 36 divide 2134433679?
False
Is 1154 a factor of 37760034?
True
Does 2400 divide 132403200?
True
Is 4281050 a multiple of 578?
False
Is 33 a factor of 15725162?
False
Does 5 divide 212402915?
True
Is 40735132 a multiple of 66?
False
Is 26096787 a multiple of 5?
False
Is 689 a factor of 249593006?
True
Is 965 a factor of 47344830?
True
Is 1730 a factor of 1404911414?
False
Is 176 a factor of 82128845?
False
Is 45 a factor of 3585375?
True
Does 176 divide 54051035?
False
Is 296041295 a multiple of 5?
True
Is 227 a factor of 40588731?
False
Is 805754050 a multiple of 25?
True
Does 5700 divide 666760838?
False
Is 934 a factor of 486783988?
True
Is 69299832 a multiple of 1086?
True
Is 227050698 a multiple of 290?
False
Is 1343 a factor of 143134307?
False
Is 1221 a factor of 26099846?
False
Does 249 divide 82808685?
True
Is 104 a factor of 7875931?
False
Is 1173 a factor of 57038790?
False
Does 840 divide 2691144960?
True
Is 317738382 a multiple of 78?
True
Is 99504374 a multiple of 514?
False
Does 134 divide 3156200726?
False
Is 282 a factor of 28894137?
False
Does 49 divide 1804700527?
True
Is 358 a factor of 2802506340?
True
Is 13984151 a multiple of 4665?
False
Is 1401 a factor of 1357403682?
True
Is 11118 a factor of 266915211?
False
Is 25 a factor of 137476425?
True
Does 254 divide 14923037?
False
Is 30 a factor of 638510880?
True
Is 10 a factor of 571057477?
False
Is 535 a factor of 194364978?
False
Is 125 a factor of 144658000?
True
Does 1645 divide 67726627?
False
Is 8803061 a multiple of 19?
True
Does 59 divide 406692664?
True
Does 159 divide 782796909?
True
Does 13 divide 26040794?
True
Does 351 divide 118462500?
True
Does 236 divide 1405288432?
True
Is 3 a factor of 69116650?
False
Is 17 a factor of 52592908?
False
Does 38 divide 135727222?
True
Does 5 divide 200472?
False
Does 16 divide 465450544?
True
Is 471450703 a multiple of 22?
False
Does 14 divide 99694896?
True
Is 5020 a factor of 557209960?
True
Is 291001452 a multiple of 213?
True
Does 1463 divide 1170898883?
True
Is 30003776 a multiple of 8?
True
Is 949 a factor of 110104985?
False
Does 33 divide 8217976?
False
Is 149411411 a multiple of 1087?
True
Is 5724072 a multiple of 36?
True
Is 36 a factor of 20523100?
False
Is 69954825 a multiple of 339?
False
Is 98606539 a multiple of 661?
False
Is 25 a factor of 4862022?
False
Is 374871493 a multiple of 52?
False
Is 4537006 a multiple of 16?
False
Is 278 a factor of 19604560?
True
Is 136923066 a multiple of 238?
True
Does 1447 divide 251038583?
True
Is 161766022 a multiple of 27?
False
Does 53 divide 741710677?
False
Does 133 divide 820837297?
True
Does 1475 divide 86239451?
False
Does 91 divide 34593923?
True
Is 576 a factor of 1248970425?
False
Is 1176 a factor of 1440802164?
False
Is 30255538 a multiple of 30?
False
Is 8 a factor of 56844136?
True
Is 7 a factor of 762619342?
False
Is 22 a factor of 4093639262?
False
Is 38487733 a multiple of 42